2
34 (base 6) to base 4
112
-3a4 (base 11) to base 4
-13131
17677 (base 8) to base 13
3912
Convert 4242 (base 9) to base 12.
1978
21112222 (base 3) to base 2
1010110000011
Convert -31524 (base 6) to base 7.
-15352
Convert 4748 (base 12) to base 6.
100532
Convert -7422 (base 9) to base 10.
-5447
What is 210011011 (base 3) in base 13?
7033
1563 (base 12) to base 8
4733
Convert -10100111000 (base 2) to base 12.
-934
-3332301 (base 4) to base 12
-9529
Convert -10527 (base 9) to base 5.
-210431
642 (base 7) to base 16
144
What is 1531a (base 12) in base 3?
1111220211
What is -100111 (base 3) in base 15?
-121
Convert 897 (base 11) to base 8.
2062
-25132 (base 6) to base 7
-13604
220132 (base 5) to base 7
30663
148a9 (base 11) to base 12
10224
What is -263 (base 13) in base 8?
-643
-35b (base 12) to base 11
-418
What is 110010 (base 4) in base 14?
67a
Convert -10001100101001 (base 2) to base 15.
-2a01
What is 77631 (base 9) in base 15?
10414
-676 (base 9) to base 7
-1422
What is -3506 (base 15) in base 5?
-330011
2111011 (base 4) to base 7
36550
What is -101100100 (base 2) in base 5?
-2411
Convert -25325 (base 6) to base 2.
-111011010101
74444 (base 8) to base 6
355324
What is 63a3 (base 16) in base 3?
1021222201
5553 (base 10) to base 6
41413
Convert 44140 (base 5) to base 8.
5745
1311 (base 4) to base 2
1110101
What is -5a (base 15) in base 16?
-55
Convert 23320 (base 8) to base 3.
111122000
-239 (base 15) to base 12
-360
Convert -23221003 (base 4) to base 16.
-ba43
-510 (base 6) to base 11
-15a
What is 72526 (base 8) in base 14?
ad38
Convert -10043 (base 13) to base 16.
-6fc8
What is 31322 (base 5) in base 4?
200213
What is 97b (base 14) in base 15?
84d
What is -21847 (base 10) in base 4?
-11111113
23123 (base 4) to base 10
731
What is -1b86 (base 13) in base 7?
-15101
4461 (base 10) to base 11
3396
What is 13554 (base 6) in base 7?
6202
Convert 115532 (base 8) to base 2.
1001101101011010
144453 (base 6) to base 3
201012120
What is 120110 (base 3) in base 16?
1a1
Convert -18648 (base 15) to base 6.
-1405535
What is 30664 (base 7) in base 16?
1d77
1012123 (base 4) to base 10
4507
What is 920 (base 14) in base 15?
7e7
What is 21 (base 12) in base 9?
27
What is 66a (base 12) in base 11?
790
-422410 (base 5) to base 8
-33431
What is 2063 (base 11) in base 14?
dd1
What is 6a1c (base 15) in base 4?
11133333
35023 (base 6) to base 4
1031313
What is 105 (base 7) in base 4?
312
Convert 243 (base 13) to base 9.
476
What is 13012 (base 6) in base 9?
2608
-3587 (base 12) to base 13
-2971
Convert -17804 (base 10) to base 11.
-12416
-30 (base 4) to base 9
-13
What is -2212 (base 5) in base 8?
-463
-10010000010001 (base 2) to base 16
-2411
Convert 14 (base 8) to base 6.
20
-2132 (base 5) to base 4
-10210
Convert 2211211 (base 4) to base 6.
121021
What is -60b (base 13) in base 6?
-4425
Convert 21013 (base 5) to base 6.
10223
-22283 (base 9) to base 6
-152333
What is -2938 (base 12) in base 5?
-123141
Convert -7ea5 (base 16) to base 3.
-1122110210
130021 (base 6) to base 12
6911
Convert 21a (base 14) to base 9.
512
-325513 (base 6) to base 10
-27189
Convert -224 (base 13) to base 9.
-448
3030214 (base 5) to base 14
13b05
What is -2cf6 (base 16) in base 10?
-11510
-1699a (base 11) to base 4
-11310101
What is -22215 (base 8) in base 15?
-2b8c
-1015 (base 8) to base 9
-643
What is 7d4 (base 16) in base 8?
3724
Convert -2210200202 (base 3) to base 8.
-153615
Convert -3113212 (base 4) to base 2.
-11010111100110
Convert -100111111011101 (base 2) to base 5.
-1123240
What is -49a6 (base 14) in base 2?
-11001001010110
-218c2 (base 13) to base 7
-342226
-3588 (base 13) to base 7
-31002
Convert -1400 (base 7) to base 10.
-539
What is -110235 (base 7) in base 14?
-708c
What is -1503 (base 8) in base 16?
-343
Convert -1000100001100111 (base 2) to base 3.
-1202220022
What is 13363 (base 7) in base 15?
1117
What is 6a9 (base 16) in base 11?
1310
What is -3174 (base 8) in base 12?
-b64
220425 (base 6) to base 9
27088
1270 (base 11) to base 2
11001110010
What is -604 (base 7) in base 14?
-174
Convert -308 (base 13) to base 15.
-245
-23727 (base 8) to base 3
-111222202
14408 (base 9) to base 13
4607
What is 15433 (base 11) in base 10?
21816
What is 12120110 (base 3) in base 9?
5513
Convert 401 (base 13) to base 8.
1245
What is -1010011100001 (base 2) in base 5?
-132340
Convert 102113 (base 6) to base 16.
203d
What is -3478 (base 9) in base 10?
-2582
Convert 4cc (base 14) to base 2.
1111000100
What is -3796 (base 12) in base 5?
-200211
Convert 15dd1 (base 14) to base 13.
1bc87
What is 221 (base 8) in base 11?
122
3a5b (base 15) to base 10
12461
What is -1378c (base 16) in base 2?
-10011011110001100
Convert -366 (base 15) to base 7.
-2151
Convert 74 (base 10) to base 16.
4a
-300000 (base 5) to base 6
-111223
Convert 2c92 (base 14) to base 6.
100520
Convert 2a0 (base 12) to base 2.
110011000
What is -10110001110 (base 2) in base 5?
-21142
What is 2121303 (base 4) in base 7?
40461
Convert 42a (base 15) to base 4.
32230
10000101101 (base 2) to base 13
643
Convert -24802 (base 9) to base 10.
-16688
101011110001 (base 2) to base 15
c6b
1b6 (base 15) to base 3
112200
What is 44024 (base 5) in base 8?
5706
7376 (base 9) to base 11
4083
What is 517 (base 9) in base 11?
353
Convert 21222020 (base 3) to base 7.
22641
-204 (base 14) to base 10
-396
What is 11263 (base 9) in base 14?
2a45
What is 1217 (base 13) in base 14?
d07
What is 2ad (base 15) in base 7?
1534
What is 1205 (base 6) in base 3?
101212
Convert 21911 (base 11) to base 12.
1642a
Convert -1580 (base 13) to base 11.
-2400
Convert -1202120 (base 4) to base 14.
-241a
127a (base 12) to base 13
c64
What is -286 (base 16) in base 15?
-2d1
529 (base 15) to base 3
1121010
1026 (base 9) to base 2
1011110001
12066 (base 14) to base 10
43994
What is 2a43 (base 13) in base 14?
2347
11767 (base 9) to base 2
1111011101110
Convert 1d6d (base 14) to base 2.
1010100001101
-1304340 (base 5) to base 6
-314255
Convert -2010 (base 4) to base 14.
-96
Convert 20560 (base 8) to base 3.
102202001
What is 22212 (base 6) in base 13?
154a
What is -8055 (base 11) in base 6?
-121324
What is 2354 (base 9) in base 16?
6d6
What is -4746 (base 14) in base 5?
-344120
-111214 (base 6) to base 7
-36214
What is 31000330 (base 4) in base 10?
53308
What is 10189 (base 11) in base 8?
35013
412 (base 7) to base 3
21121
What is -9f3 (base 16) in base 14?
-cdd
Convert -3340044 (base 5) to base 10.
-58774
What is -456 (base 9) in base 11?
-311
What is 242 (base 15) in base 7?
1331
-200 (base 3) to base 9
-20
-4175 (base 9) to base 5
-44230
What is 1208 (base 16) in base 8?
11010
Convert 500 (base 9) to base 3.
120000
-369 (base 10) to base 3
-111200
Convert 402 (base 5) to base 9.
123
Convert 101001 (base 3) to base 15.
131
Convert 2a44 (base 11) to base 4.
331100
-634 (base 7) to base 12
-227
-211201122 (base 3) to base 15
-4d98
Convert 114242 (base 5) to base 10.
4322
Convert 46711 (base 8) to base 11.
13a63
1011100000110 (base 2) to base 11
4479
What is 11110011000101 (base 2) in base 12?
9005
-7490 (base 10) to base 15
-2345
-1096 (base 11) to base 4
-112130
What is -10334 (base 6) in base 8?
-2622
-10000110110 (base 2) to base 13
-64c
-1200011 (base 3) to base 6
-5351
What is -6124 (base 14) in base 10?
-16692
100e (base 16) to base 13
1b42
Convert -294 (base 11) to base 13.
-207
22511 (base 8) to base 12
5635
2004031 (base 5) to base 6
403022
a36 (base 14) to base 11
1566
Convert 64 (base 16) to base 8.
144
What is 47c (base 15) in base 4?
33321
-941 (base 10) to base 11
-786
7074 (base 14) to base 6
225222
Convert 4411 (base 13) to base 14.
3650
2102020112 (base 3) to base 7
255443
Convert -1b5 (base 15) to base 7.
-1103
What is 13d4 (base 14) in base 16?
dbe
Convert 10975 (base 11) to base 5.
1001222
What is 23401 (base 5) in base 13?
a2a
Convert 210 (base 13) to base 10.
351
Convert -b86 (base 15) to base 2.
-101000101001
What is -3340 (base 5) in base 12?
-332
What is -10577 (base 8) in base 16?
-117f
110100010101 (base 2) to base 5
101344
Convert -10a (base 15) to base 10.
-235
7105 (base 8) to base 11
2821
Convert -1000100011111101 (base 2) to base 7.
-204146
What is -3360 (base 9) in base 13?
-1191
-5542 (base 10) to base 6
-41354
-55 (base 16) to base 3
-